{"id":9012,"date":"2022-09-11T21:08:34","date_gmt":"2022-09-11T21:08:34","guid":{"rendered":"https:\/\/naturschutzfleesch.lu\/?post_type=producer&#038;p=9012"},"modified":"2022-09-12T12:38:39","modified_gmt":"2022-09-12T12:38:39","slug":"laurence-reiser-reisdorf","status":"publish","type":"producer","link":"https:\/\/naturschutzfleesch.lu\/en\/produzent\/laurence-reiser-reisdorf\/","title":{"rendered":"Laurence Reiser &#8211; Reisdorf"},"content":{"rendered":"<p><span data-contrast=\"none\">Seit dem Jahr 2011 hat Jean-Pierre Schiltz seinen Betrieb vollst\u00e4ndig auf extensive Ganzjahresbeweidung mit Angusrindern umgestellt.\u00a0<\/span><span data-ccp-props=\"{&quot;201341983&quot;:0,&quot;335551550&quot;:6,&quot;335551620&quot;:6,&quot;335559739&quot;:200,&quot;335559740&quot;:276}\">\u00a0<\/span><\/p>\n<p><span data-contrast=\"none\">Um ausreichend gro\u00dfe Weiden zu haben, tauschte er Ackerfl\u00e4chen gegen h\u00e4ngige, aber f\u00fcr die Beweidung geeignete Fl\u00e4chen. Im Jahr 2018 erweiterte er die extensiven Weiden erheblich um gro\u00dfe Hangfl\u00e4chen im Natura-2000-Gebiet Ourtal in Hoesdorf.\u00a0<\/span><span data-ccp-props=\"{&quot;201341983&quot;:0,&quot;335551550&quot;:6,&quot;335551620&quot;:6,&quot;335559739&quot;:200,&quot;335559740&quot;:276}\">\u00a0<\/span><\/p>\n<p><span data-contrast=\"none\">Der Betrieb wurde mittlerweile von seiner Tochter Laurence Reiser \u00fcbernommen und befindet sich im zweiten Jahr der Umstellung auf Bio-Landbau.<\/span><span data-ccp-props=\"{&quot;201341983&quot;:0,&quot;335551550&quot;:6,&quot;335551620&quot;:6,&quot;335559739&quot;:200,&quot;335559740&quot;:276}\">\u00a0<\/span><\/p>\n","protected":false},"excerpt":{"rendered":"<p>Seit dem Jahr 2011 hat Jean-Pierre Schiltz seinen Betrieb vollst\u00e4ndig auf extensive Ganzjahresbeweidung mit Angusrindern umgestellt&#8230;<\/p>\n","protected":false},"featured_media":0,"template":"","breed":[84],"class_list":{"0":"post-9012","1":"producer","2":"type-producer","3":"status-publish","5":"breed-angus"},"acf":[],"_links":{"self":[{"href":"https:\/\/naturschutzfleesch.lu\/en\/wp-json\/wp\/v2\/producer\/9012","targetHints":{"allow":["GET"]}}],"collection":[{"href":"https:\/\/naturschutzfleesch.lu\/en\/wp-json\/wp\/v2\/producer"}],"about":[{"href":"https:\/\/naturschutzfleesch.lu\/en\/wp-json\/wp\/v2\/types\/producer"}],"version-history":[{"count":2,"href":"https:\/\/naturschutzfleesch.lu\/en\/wp-json\/wp\/v2\/producer\/9012\/revisions"}],"predecessor-version":[{"id":9024,"href":"https:\/\/naturschutzfleesch.lu\/en\/wp-json\/wp\/v2\/producer\/9012\/revisions\/9024"}],"wp:attachment":[{"href":"https:\/\/naturschutzfleesch.lu\/en\/wp-json\/wp\/v2\/media?parent=9012"}],"wp:term":[{"taxonomy":"breed","embeddable":true,"href":"https:\/\/naturschutzfleesch.lu\/en\/wp-json\/wp\/v2\/breed?post=9012"}],"curies":[{"name":"wp","href":"https:\/\/api.w.org\/{rel}","templated":true}]}}

<p><span data-contrast="none">Seit dem Jahr 2011 hat Jean-Pierre Schiltz seinen Betrieb vollständig auf extensive Ganzjahresbeweidung mit Angusrindern umgestellt. </span><span data-ccp-props="{&quot;201341983&quot;:0,&quot;335551550&quot;:6,&quot;335551620&quot;:6,&quot;335559739&quot;:200,&quot;335559740&quot;:276}"> </span></p>
<p><span data-contrast="none">Um ausreichend große Weiden zu haben, tauschte er Ackerflächen gegen hängige, aber für die Beweidung geeignete Flächen. Im Jahr 2018 erweiterte er die extensiven Weiden erheblich um große Hangflächen im Natura-2000-Gebiet Ourtal in Hoesdorf. </span><span data-ccp-props="{&quot;201341983&quot;:0,&quot;335551550&quot;:6,&quot;335551620&quot;:6,&quot;335559739&quot;:200,&quot;335559740&quot;:276}"> </span></p>
<p><span data-contrast="none">Der Betrieb wurde mittlerweile von seiner Tochter Laurence Reiser übernommen und befindet sich im zweiten Jahr der Umstellung auf Bio-Landbau.</span><span data-ccp-props="{&quot;201341983&quot;:0,&quot;335551550&quot;:6,&quot;335551620&quot;:6,&quot;335559739&quot;:200,&quot;335559740&quot;:276}"> </span></p>

<p>Seit dem Jahr 2011 hat Jean-Pierre Schiltz seinen Betrieb vollständig auf extensive Ganzjahresbeweidung mit Angusrindern umgestellt&#8230;</p>
