{"id":9008,"date":"2022-09-11T21:06:13","date_gmt":"2022-09-11T21:06:13","guid":{"rendered":"https:\/\/naturschutzfleesch.lu\/?post_type=producer&#038;p=9008"},"modified":"2022-09-12T12:52:25","modified_gmt":"2022-09-12T12:52:25","slug":"georges-friederich-aspelt","status":"publish","type":"producer","link":"https:\/\/naturschutzfleesch.lu\/lu\/produzent\/georges-friederich-aspelt\/","title":{"rendered":"Georges Friederich &#8211; Aspelt"},"content":{"rendered":"<p><span class=\"TextRun SCXW72955951 BCX0\" lang=\"DE-DE\" xml:lang=\"DE-DE\" data-contrast=\"none\"><span class=\"NormalTextRun SCXW72955951 BCX0\">Schon seit 2004 arbeitet Georges Friederich aus <\/span><span class=\"SpellingError SCXW72955951 BCX0\">Aspelt<\/span><span class=\"NormalTextRun SCXW72955951 BCX0\"> in extensiven Weideprojekten mit der Naturverwaltung zusammen.\u00a0Gemeinsam mit 2 weiteren Betrieben nutzt Georges die Fl\u00e4chen an der renaturierten Alzette bei Schifflingen, am <\/span><\/span><span class=\"TextRun SCXW72955951 BCX0\" lang=\"DE-DE\" xml:lang=\"DE-DE\" data-contrast=\"none\"><span class=\"SpellingError SCXW72955951 BCX0\">Dumontshaff<\/span><\/span><span class=\"TextRun SCXW72955951 BCX0\" lang=\"DE-DE\" xml:lang=\"DE-DE\" data-contrast=\"none\"><span class=\"NormalTextRun SCXW72955951 BCX0\">, durch extensive Ganzjahresbeweidung mit Galloway-Rindern. Seit 2011 beweiden seine Galloway-Rinder zudem das Naturschutzgebiet <\/span><\/span><span class=\"TextRun SCXW72955951 BCX0\" lang=\"DE-DE\" xml:lang=\"DE-DE\" data-contrast=\"none\"><span class=\"SpellingError SCXW72955951 BCX0\">Kuebendellchen<\/span> <\/span><span class=\"TextRun SCXW72955951 BCX0\" lang=\"DE-DE\" xml:lang=\"DE-DE\" data-contrast=\"none\"><span class=\"NormalTextRun SCXW72955951 BCX0\">bei <\/span><span class=\"SpellingError SCXW72955951 BCX0\">Wintrange<\/span><span class=\"NormalTextRun SCXW72955951 BCX0\">.\u00a0Au\u00dferdem h\u00e4lt er seit Gr\u00fcndung des Labels NATURSCHUTZ FLEESCH auch Angusrinder in extensiver Weidehaltung.<\/span><\/span><span class=\"EOP SCXW72955951 BCX0\" data-ccp-props=\"{&quot;201341983&quot;:0,&quot;335551550&quot;:6,&quot;335551620&quot;:6,&quot;335559739&quot;:200,&quot;335559740&quot;:276}\">\u00a0<\/span><\/p>\n","protected":false},"excerpt":{"rendered":"<p>Schon seit 2004 arbeitet Georges Friederich aus Aspelt in extensiven Weideprojekten mit der Naturverwaltung zusammen.\u00a0Gemeinsam mit 2 weiteren&#8230;<\/p>\n","protected":false},"featured_media":0,"template":"","breed":[84,85],"class_list":{"0":"post-9008","1":"producer","2":"type-producer","3":"status-publish","5":"breed-angus","6":"breed-galloway"},"acf":[],"_links":{"self":[{"href":"https:\/\/naturschutzfleesch.lu\/lu\/wp-json\/wp\/v2\/producer\/9008","targetHints":{"allow":["GET"]}}],"collection":[{"href":"https:\/\/naturschutzfleesch.lu\/lu\/wp-json\/wp\/v2\/producer"}],"about":[{"href":"https:\/\/naturschutzfleesch.lu\/lu\/wp-json\/wp\/v2\/types\/producer"}],"version-history":[{"count":2,"href":"https:\/\/naturschutzfleesch.lu\/lu\/wp-json\/wp\/v2\/producer\/9008\/revisions"}],"predecessor-version":[{"id":9026,"href":"https:\/\/naturschutzfleesch.lu\/lu\/wp-json\/wp\/v2\/producer\/9008\/revisions\/9026"}],"wp:attachment":[{"href":"https:\/\/naturschutzfleesch.lu\/lu\/wp-json\/wp\/v2\/media?parent=9008"}],"wp:term":[{"taxonomy":"breed","embeddable":true,"href":"https:\/\/naturschutzfleesch.lu\/lu\/wp-json\/wp\/v2\/breed?post=9008"}],"curies":[{"name":"wp","href":"https:\/\/api.w.org\/{rel}","templated":true}]}}

<p><span class="TextRun SCXW72955951 BCX0" lang="DE-DE" xml:lang="DE-DE" data-contrast="none"><span class="NormalTextRun SCXW72955951 BCX0">Schon seit 2004 arbeitet Georges Friederich aus </span><span class="SpellingError SCXW72955951 BCX0">Aspelt</span><span class="NormalTextRun SCXW72955951 BCX0"> in extensiven Weideprojekten mit der Naturverwaltung zusammen. Gemeinsam mit 2 weiteren Betrieben nutzt Georges die Flächen an der renaturierten Alzette bei Schifflingen, am </span></span><span class="TextRun SCXW72955951 BCX0" lang="DE-DE" xml:lang="DE-DE" data-contrast="none"><span class="SpellingError SCXW72955951 BCX0">Dumontshaff</span></span><span class="TextRun SCXW72955951 BCX0" lang="DE-DE" xml:lang="DE-DE" data-contrast="none"><span class="NormalTextRun SCXW72955951 BCX0">, durch extensive Ganzjahresbeweidung mit Galloway-Rindern. Seit 2011 beweiden seine Galloway-Rinder zudem das Naturschutzgebiet </span></span><span class="TextRun SCXW72955951 BCX0" lang="DE-DE" xml:lang="DE-DE" data-contrast="none"><span class="SpellingError SCXW72955951 BCX0">Kuebendellchen</span> </span><span class="TextRun SCXW72955951 BCX0" lang="DE-DE" xml:lang="DE-DE" data-contrast="none"><span class="NormalTextRun SCXW72955951 BCX0">bei </span><span class="SpellingError SCXW72955951 BCX0">Wintrange</span><span class="NormalTextRun SCXW72955951 BCX0">. Außerdem hält er seit Gründung des Labels NATURSCHUTZ FLEESCH auch Angusrinder in extensiver Weidehaltung.</span></span><span class="EOP SCXW72955951 BCX0" data-ccp-props="{&quot;201341983&quot;:0,&quot;335551550&quot;:6,&quot;335551620&quot;:6,&quot;335559739&quot;:200,&quot;335559740&quot;:276}"> </span></p>
